 a multiple of 14?
False
Is 47092889 a multiple of 4235?
False
Does 80 divide 17753440?
True
Is 25044726 a multiple of 371?
True
Is 9 a factor of 690579?
True
Is 4 a factor of 2058783568?
True
Is 25305092 a multiple of 40?
False
Is 326660781 a multiple of 119?
False
Does 4 divide 635478668?
True
Is 10339821 a multiple of 295?
False
Does 67 divide 6338468?
True
Is 86100859 a multiple of 599?
True
Does 50 divide 27417450?
True
Does 516 divide 14555794?
False
Does 376 divide 3289248?
True
Does 630 divide 19171394?
False
Is 4005065084 a multiple of 14852?
False
Is 767 a factor of 2806127025?
True
Does 172 divide 27978685?
False
Is 28848546 a multiple of 6?
True
Is 12 a factor of 778979262?
False
Does 474 divide 41323597?
False
Does 120 divide 144651960?
True
Is 240 a factor of 141021840?
True
Does 4 divide 92628209?
False
Is 323 a factor of 518266659?
False
Is 266877876 a multiple of 1266?
False
Is 426666519 a multiple of 19?
False
Does 83 divide 30622019?
False
Does 10 divide 1984622250?
True
Does 8 divide 1430699989?
False
Is 6304 a factor of 2245585664?
True
Is 33 a factor of 6743682?
True
Is 114926778 a multiple of 371?
False
Is 34 a factor of 109603046?
True
Is 13852080 a multiple of 2332?
True
Does 65 divide 4626375?
True
Is 27114804 a multiple of 12?
True
Is 272515544 a multiple of 868?
True
Does 59 divide 2889707450?
False
Is 5007308264 a multiple of 8320?
False
Is 15705938 a multiple of 180?
False
Is 760 a factor of 49563101?
False
Does 687 divide 65669643?
True
Is 21028928 a multiple of 64?
True
Does 29 divide 11001694?
False
Is 344492 a multiple of 207?
False
Does 587 divide 16121086?
False
Is 601589700 a multiple of 1350?
True
Is 45 a factor of 20068640?
False
Does 1889 divide 61317480?
False
Does 8140 divide 3582479120?
True
Does 490 divide 269514210?
True
Is 5283209426 a multiple of 7876?
False
Is 17 a factor of 1111295100?
True
Is 791827269 a multiple of 2157?
False
Is 12 a factor of 21865800?
True
Does 4505 divide 760227760?
True
Is 16110538 a multiple of 29?
False
Is 17 a factor of 26633118?
True
Is 2219681608 a multiple of 184?
True
Does 129 divide 2143958715?
True
Does 4553 divide 51706328?
False
Is 1960592961 a multiple of 519?
False
Is 32422826 a multiple of 3023?
False
Is 250 a factor of 1684853500?
True
Is 286620745 a multiple of 105?
False
Is 67 a factor of 1269762245?
False
Is 1022093506 a multiple of 10?
False
Is 65274831 a multiple of 21?
False
Is 74250630 a multiple of 15?
True
Is 161 a factor of 250611353?
False
Is 40 a factor of 1484934720?
True
Is 18427911 a multiple of 16?
False
Does 7012 divide 605820618?
False
Does 1532 divide 143523067?
False
Does 221 divide 174435742?
True
Is 148 a factor of 6146292?
True
Is 168 a factor of 944096644?
False
Does 15 divide 1642905735?
True
Is 440730593 a multiple of 19?
True
Is 23883975 a multiple of 1157?
False
Is 26 a factor of 59493751?
False
Is 1494458416 a multiple of 673?
True
Is 6 a factor of 286818475?
False
Is 157105410 a multiple of 2310?
True
Is 58 a factor of 3888223?
False
Is 701 a factor of 144152939?
True
Is 1733927036 a multiple of 2278?
True
Does 34 divide 255818905?
False
Is 120 a factor of 27966286?
False
Is 18809990 a multiple of 34?
True
Does 13 divide 71185972?
True
Does 150 divide 125940300?
True
Is 19133075 a multiple of 13?
True
Is 679 a factor of 346391509?
False
Is 144 a factor of 72446875?
False
Is 222766101 a multiple of 2770?
False
Is 4624848 a multiple of 8?
True
Does 347 divide 41296817?
True
Is 71 a factor of 342973026?
True
Is 545 a factor of 9927720?
True
Is 792 a factor of 2418257160?
True
Is 12 a factor of 11184252?
True
Is 18 a factor of 1721575439?
False
Is 26 a factor of 72481422?
True
Is 104 a factor of 12000614?
False
Does 194 divide 26379372?
False
Is 48 a factor of 1262889207?
False
Is 3426240 a multiple of 240?
True
Is 455 a factor of 20883135?
True
Is 16753486 a multiple of 34?
False
Is 76 a factor of 24713787?
False
Is 31 a factor of 22454536?
False
Does 3 divide 17950659?
True
Is 341597405 a multiple of 22?
False
Is 284945381 a multiple of 13?
False
Is 1708 a factor of 393441216?
True
Does 949 divide 160964953?
False
Is 353 a factor of 34124863?
True
Is 146 a factor of 359416401?
False
Is 893265346 a multiple of 438?
False
Does 182 divide 325362300?
False
Is 6031 a factor of 2690258895?
False
Is 248295966 a multiple of 46?
False
Is 7900684 a multiple of 46?
True
Is 64703904 a multiple of 16?
True
Is 4 a factor of 70675870?
False
Is 266 a factor of 4332839?
False
Is 3 a factor of 590541?
True
Does 115 divide 33056865?
True
Does 17 divide 16685789?
True
Is 162115044 a multiple of 28?
True
Does 19 divide 177428182?
False
Does 515 divide 152314234?
False
Is 9 a factor of 958769107?
False
Is 783 a factor of 97254081?
True
Is 290258437 a multiple of 12131?
True
Is 39803693 a multiple of 1467?
False
Does 3469 divide 1177768357?
False
Is 26 a factor of 907460050?
False
Is 25462780 a multiple of 124?
True
Does 17 divide 73476822?
True
Does 739 divide 69751993?
True
Is 232353233 a multiple of 7?
True
Is 111 a factor of 533985176?
False
Is 674456952 a multiple of 2153?
False
Is 102112765 a multiple of 42?
False
Does 1465 divide 23204244?
False
Does 3102 divide 52395882?
True
Is 152820756 a multiple of 891?
True
Is 133 a factor of 2231443699?
False
Is 7 a factor of 12432609?
True
Is 1210386483 a multiple of 1781?
False
Is 16 a factor of 373282912?
True
Is 297089218 a multiple of 1158?
False
Does 91 divide 1492941872?
False
Is 309389184 a multiple of 4528?
True
Does 11 divide 14418236?
False
Is 16 a factor of 134620048?
True
Does 9256 divide 2681481712?
True
Does 255 divide 54454055?
False
Is 14 a factor of 585602836?
True
Is 744 a factor of 59054402?
False
Is 14693593 a multiple of 5?
False
Does 44 divide 225416224?
True
Does 103 divide 5120404?
False
Is 367507476 a multiple of 1692?
True
Does 5 divide 9218698?
False
Does 12 divide 152212583?
False
Is 266198430 a multiple of 415?
True
Is 1670367222 a multiple of 18?
True
Is 125 a factor of 198727823?
False
Is 373519272 a multiple of 7073?
False
Is 1886328534 a multiple of 12?
False
Does 5 divide 249667455?
True
Is 27440931 a multiple of 861?
True
Does 26 divide 348102732?
False
Is 19787607 a multiple of 49?
False
Is 7 a factor of 232651?
False
Is 89 a factor of 219447033?
True
Is 12 a factor of 290427078?
False
Is 29 a factor of 36681607?
True
Is 7869675 a multiple of 33?
True
Is 12 a factor of 1944688?
False
Is 1116537 a multiple of 26?
False
Is 426 a factor of 7027844?
False
Is 74181990 a multiple of 1013?
True
Is 47 a factor of 692646460?
False
Does 134 divide 410384782?
True
Does 6 divide 60617568?
True
Is 6667900 a multiple of 25?
True
Is 3970 a factor of 196588486?
False
Is 1058 a factor of 1100169764?
True
Does 72 divide 2509198844?
False
Is 28 a factor of 12568181?
False
Is 3082628184 a multiple of 24?
True
Is 44362909 a multiple of 739?
True
Does 67 divide 12573220?
True
Does 62 divide 57200270?
True
Does 101 divide 154997428?
True
Is 161482356 a multiple of 2553?
True
Is 181 a factor of 43610688?
False
Does 14 divide 3220084?
True
Is 518 a factor of 90151166?
True
Is 125569665 a multiple of 3?
True
Is 792504 a multiple of 162?
True
Is 52714341 a multiple of 1899?
True
Is 56 a factor of 964229896?
True
Does 167 divide 3212963490?
False
Is 12 a factor of 21994619?
False
Is 303 a factor of 144020748?
True
Does 5552 divide 1170986039?
False
Is 62 a factor of 15732376?
True
Is 2971164144 a multiple of 142?
False
Is 2838392 a multiple of 3?
False
Is 27 a factor of 597930629?
False
Is 400083650 a multiple of 79?
True
Does 445 divide 37346882?
False
Is 1266 a factor of 1847849802?
True
Is 1079934030 a multiple of 882?
True
Is 28 a factor of 59294452?
True
Does 119 divide 7629006?
False
Is 4045225 a multiple of 215?
True
Does 1346 divide 49286482?
True
Does 357 divide 93044553?
True
Is 3990440 a multiple of 9?
False
Is 12404121 a multiple of 84?
False
Is 274739905 a multiple of 1025?
False
Does 18 divide 48095082?
True
Does 368 divide 1473210720?
True
Is 2 a factor of 4689213?
False
Is 6613674 a multiple of 6?
True
Is 16 a factor of 4120805781?
False
Is 1835 a factor of 151824230?
True
Is 311 a factor of 142656442?
False
Is 49818180 a multiple of 3?
True
Does 502 divide 68546735?
False
Is